{"id":11100,"date":"2022-03-11T13:56:48","date_gmt":"2022-03-11T11:56:48","guid":{"rendered":"https:\/\/pippam.fi\/?page_id=11100"},"modified":"2025-08-21T11:30:04","modified_gmt":"2025-08-21T08:30:04","slug":"usein-kysytyt-kysymykset","status":"publish","type":"page","link":"https:\/\/pippam.fi\/?page_id=11100","title":{"rendered":"USEIN KYSYTTY\u00c4"},"content":{"rendered":"<h1>Varainhankinta p\u00e4hkin\u00e4nkuoressa<\/h1>\n<h2>Ketk\u00e4 voivat tehd\u00e4 varainhankintaa pippa m. tuotteilla?<\/h2>\n<p>pippa m. varainhankinta on tarkoitettu ryhmille, jotka ker\u00e4\u00e4v\u00e4t yhteisesti varoja yhteiseen tavoitteeseen. T\u00e4llaisia ryhmi\u00e4 ovat esimerkiksi koululuokat, urheiluseurat, urheilujoukkueet, vanhempainyhdistykset, p\u00e4iv\u00e4kotiryhm\u00e4t, harrastusporukat, partiolaiset ja muut voittoa tavoittelemattomat yhdistykset. Edellytyksen\u00e4 on, ett\u00e4 tuotto k\u00e4ytet\u00e4\u00e4n yhteisesti ryhm\u00e4n hyv\u00e4ksi.<\/p>\n<p>&nbsp;<\/p>\n<h2>Kuinka paljon ansaitsemme tehdess\u00e4mme varainhankintaa?<\/h2>\n<p>Tuottonne on 30% kokonaismyynnist\u00e4. Saatte siis jokaisesta myydyst\u00e4 tuotteesta sen hinnasta riippuen 3,00 \u2013 6,00 \u20ac. Meill\u00e4 ei ole minimitilausm\u00e4\u00e4ri\u00e4 tai m\u00e4\u00e4r\u00e4\u00e4n sidottua porrastettua tuotto-osuutta. Haluamme tarjota isommille ja pienemmille ryhmille l\u00e4pin\u00e4kyv\u00e4sti samat reilut ehdot.<\/p>\n<p>&nbsp;<\/p>\n<h2>Miten aloitamme varainhankinnan?<\/h2>\n<p>Valitkaa joukostanne ryhm\u00e4nvet\u00e4j\u00e4, joka rekister\u00f6ityy <a href=\"https:\/\/pippam.fi\/?page_id=3403\">OMA KAMPANJA<\/a> -ty\u00f6kaluun ja luo kampanjan. T\u00e4m\u00e4n j\u00e4lkeen saatte kampanjatunnuksen sek\u00e4 PIN-koodin, joiden avulla jokainen ryhm\u00e4nne j\u00e4sen rekister\u00f6ityy kampanjan myyj\u00e4ksi. Luotuanne kampanjan saatte paluupostissa sek\u00e4 s\u00e4hk\u00f6iset ett\u00e4 painetut myyntimateriaalit maksutta k\u00e4ytt\u00f6\u00f6nne. Lis\u00e4ksi saatte oman kampanjanne verkkokaupan, jonka linkki\u00e4 jakamalla tukijanne voivat k\u00e4yd\u00e4 suoraan klikkailemassa ostoksensa verkkokauppaanne.<\/p>\n<p>Voitte itse m\u00e4\u00e4ritell\u00e4 kampanjanne keston. Kokemuksemme mukaan tehokkain kampanja-aika on noin kuukausi.<\/p>\n<p>&nbsp;<\/p>\n<h2>Miten varainhankintamyynti tapahtuu?<\/h2>\n<p>Ehdottomasti tuottoisin tapa toteuttaa varainhankintaa on yhdist\u00e4\u00e4 s\u00e4hk\u00f6iset myyntikanavat sek\u00e4 painettujen tuotekuvastojen avulla myynti. Jakakaa aktiivisesti oman verkkokauppanne linkki\u00e4 s\u00e4hk\u00f6postitse, WhatsAppissa ja somessa. Samaan aikaan painettuja tuotekuvastoja tilauslomakkeineen kannattaa kierr\u00e4tt\u00e4\u00e4 vaikkapa vanhempien ty\u00f6paikoilla.<\/p>\n<p>Tilauksia voi sy\u00f6tt\u00e4\u00e4 ja muokata OMA KAMPANJA -ty\u00f6kalussa koko kampanjan ajan. N\u00e4ette my\u00f6s jatkuvasti, miten ker\u00e4ystavoitteenne etenee.<\/p>\n<p>&nbsp;<\/p>\n<h2>Mit\u00e4 julkinen kampanja tarkoittaa?<\/h2>\n<p>K\u00e4ynnist\u00e4ess\u00e4nne varainhankintakampanjaa teid\u00e4n on mahdollista rastittaa kohta \u201dHaluamme kampanjastamme julkisen\u201d. Julkinen kampanja tarkoittaa sit\u00e4, ett\u00e4 saatte ryhm\u00e4llenne tukikoodin. T\u00e4m\u00e4n tukikoodin avulla my\u00f6s kauempana asuvat sukulaiset ja tuttavat voivat osallistua varainhankintaanne ja tilata tuotteita verkkokaupastamme suoraan itselleen.<\/p>\n<p>Teht\u00e4v\u00e4ksenne j\u00e4\u00e4 jakaa tukikoodia tukijoillenne. Me hoidamme postituksen ja maksuliikenteen. Tilausten toimitusmaksu on 5,90\u20ac. \u00a0Julkisen kampanjan tilauksista 25% lis\u00e4t\u00e4\u00e4n kampanjan p\u00e4\u00e4ttyess\u00e4 tuottoonne.<\/p>\n<p>&nbsp;<\/p>\n<h2>Miten p\u00e4\u00e4t\u00e4mme varainkeruun?<\/h2>\n<p>Ryhm\u00e4nvet\u00e4j\u00e4n kannattaa kampanjan p\u00e4\u00e4ttymisen l\u00e4hestyess\u00e4 viel\u00e4 muistuttaa myyji\u00e4 kirjaamaan tilauksensa. OMA KAMPANJA -ty\u00f6kalu kokoaa automaattisesti yhteen sek\u00e4 itse kirjaamanne tilaukset ett\u00e4 oman verkkokauppanne kautta tulleet myynnit.<\/p>\n<p>Lopuksi ryhm\u00e4nvet\u00e4j\u00e4 klikkaa \u201dTee lopputilaus\u201d -nappia ja tilaus siirtyy meille k\u00e4sittelyyn.<\/p>\n<p>&nbsp;<\/p>\n<h2>Milloin saamme tilaamamme tuotteet?<\/h2>\n<p>Toimitamme tilaamanne tuotteet 3-7 arkip\u00e4iv\u00e4ss\u00e4 tilauksen saatuamme. Pakkaamme aina tuotteet valmiiksi myyjitt\u00e4in, joten teid\u00e4n ei tarvitse lajitella tuotteita itse.<\/p>\n<p>&nbsp;<\/p>\n<h2>Kuinka paljon toimituskulut ovat?<\/h2>\n<p>Ryhm\u00e4nne yhteistilauksen toimitus on maksuton ja toimitetaan aina perille kannettuna annettuun osoitteeseen, vaikkapa ryhm\u00e4nvet\u00e4j\u00e4n kotiin, koululle tai harkkahallille. Mik\u00e4li tilausm\u00e4\u00e4r\u00e4 on alle 20 kpl, lis\u00e4\u00e4mme toimitukseen 5,90\u20ac toimituskulun.<\/p>\n<p>&nbsp;<\/p>\n<h2>Miten ker\u00e4\u00e4mme rahat ja maksamme tilauksen?<\/h2>\n<p>Maksujen kanssa yleisin tapa toimia on se, ett\u00e4 jokainen myyj\u00e4 maksaa myym\u00e4ns\u00e4 tuotteet luokan\/joukkueen\/yhdistyksen tilille.<\/p>\n<p>Saatte meilt\u00e4 toimituksen yhteydess\u00e4 laskun, jolta on suoraan v\u00e4hennetty tuotto-osuutenne. N\u00e4in tuotto j\u00e4\u00e4 luokan\/joukkueen\/yhdistyksen tilille, eik\u00e4 rahoja tarvitse siirrell\u00e4 edestakaisin. Laskulla on t\u00e4ysin korotonta ja kulutonta maksuaikaa 21 p\u00e4iv\u00e4\u00e4.<\/p>\n","protected":false},"excerpt":{"rendered":"<p>Varainhankinta p\u00e4hkin\u00e4nkuoressa Ketk\u00e4 voivat tehd\u00e4 varainhankintaa pippa m. tuotteilla? pippa m. varainhankinta on tarkoitettu ryhmille, jotka ker\u00e4\u00e4v\u00e4t yhteisesti varoja yhteiseen tavoitteeseen. T\u00e4llaisia ryhmi\u00e4 ovat esimerkiksi koululuokat, urheiluseurat, urheilujoukkueet, vanhempainyhdistykset, p\u00e4iv\u00e4kotiryhm\u00e4t, harrastusporukat, partiolaiset ja muut voittoa tavoittelemattomat yhdistykset. Edellytyksen\u00e4 on, ett\u00e4 tuotto k\u00e4ytet\u00e4\u00e4n yhteisesti ryhm\u00e4n hyv\u00e4ksi. &nbsp; Kuinka paljon ansaitsemme tehdess\u00e4mme varainhankintaa? Tuottonne on 30% kokonaismyynnist\u00e4. [&hellip;]<\/p>\n","protected":false},"author":2,"featured_media":11102,"parent":0,"menu_order":7,"comment_status":"closed","ping_status":"closed","template":"","meta":{"footnotes":""},"class_list":["post-11100","page","type-page","status-publish","has-post-thumbnail","hentry"],"yoast_head":"<!-- This site is optimized with the Yoast SEO plugin v27.3 - https:\/\/yoast.com\/product\/yoast-seo-wordpress\/ -->\n<title>USEIN KYSYTTY\u00c4 - pippa m.<\/title>\n<meta name=\"description\" content=\"Usein kysytyt kysymykset pippa m. varainhankinnasta. Vastauksia tuotteista, kampanjoista ja tilaamisesta helposti ja nopeasti.\" \/>\n<meta name=\"robots\" content=\"index, follow, max-snippet:-1, max-image-preview:large, max-video-preview:-1\" \/>\n<link rel=\"canonical\" href=\"https:\/\/pippam.fi\/?page_id=11100\" \/>\n<meta property=\"og:locale\" content=\"fi_FI\" \/>\n<meta property=\"og:type\" content=\"article\" \/>\n<meta property=\"og:title\" content=\"USEIN KYSYTTY\u00c4 - pippa m.\" \/>\n<meta property=\"og:description\" content=\"Usein kysytyt kysymykset pippa m. varainhankinnasta. Vastauksia tuotteista, kampanjoista ja tilaamisesta helposti ja nopeasti.\" \/>\n<meta property=\"og:url\" content=\"https:\/\/pippam.fi\/?page_id=11100\" \/>\n<meta property=\"og:site_name\" content=\"pippa m.\" \/>\n<meta property=\"article:publisher\" content=\"https:\/\/www.facebook.com\/pippam.fi\" \/>\n<meta property=\"article:modified_time\" content=\"2025-08-21T08:30:04+00:00\" \/>\n<meta property=\"og:image\" content=\"https:\/\/pippam.fi\/wp-content\/uploads\/2022\/03\/Varainkeruu-kysymykset.jpg\" \/>\n\t<meta property=\"og:image:width\" content=\"1080\" \/>\n\t<meta property=\"og:image:height\" content=\"1080\" \/>\n\t<meta property=\"og:image:type\" content=\"image\/jpeg\" \/>\n<meta name=\"twitter:card\" content=\"summary_large_image\" \/>\n<meta name=\"twitter:label1\" content=\"Arvioitu lukuaika\" \/>\n\t<meta name=\"twitter:data1\" content=\"3 minuuttia\" \/>\n<script type=\"application\/ld+json\" class=\"yoast-schema-graph\">{\"@context\":\"https:\\\/\\\/schema.org\",\"@graph\":[{\"@type\":\"WebPage\",\"@id\":\"https:\\\/\\\/pippam.fi\\\/?page_id=11100\",\"url\":\"https:\\\/\\\/pippam.fi\\\/?page_id=11100\",\"name\":\"USEIN KYSYTTY\u00c4 - pippa m.\",\"isPartOf\":{\"@id\":\"https:\\\/\\\/pippam.fi\\\/#website\"},\"primaryImageOfPage\":{\"@id\":\"https:\\\/\\\/pippam.fi\\\/?page_id=11100#primaryimage\"},\"image\":{\"@id\":\"https:\\\/\\\/pippam.fi\\\/?page_id=11100#primaryimage\"},\"thumbnailUrl\":\"https:\\\/\\\/pippam.fi\\\/wp-content\\\/uploads\\\/2022\\\/03\\\/Varainkeruu-kysymykset.jpg\",\"datePublished\":\"2022-03-11T11:56:48+00:00\",\"dateModified\":\"2025-08-21T08:30:04+00:00\",\"description\":\"Usein kysytyt kysymykset pippa m. varainhankinnasta. Vastauksia tuotteista, kampanjoista ja tilaamisesta helposti ja nopeasti.\",\"breadcrumb\":{\"@id\":\"https:\\\/\\\/pippam.fi\\\/?page_id=11100#breadcrumb\"},\"inLanguage\":\"fi\",\"potentialAction\":[{\"@type\":\"ReadAction\",\"target\":[\"https:\\\/\\\/pippam.fi\\\/?page_id=11100\"]}]},{\"@type\":\"ImageObject\",\"inLanguage\":\"fi\",\"@id\":\"https:\\\/\\\/pippam.fi\\\/?page_id=11100#primaryimage\",\"url\":\"https:\\\/\\\/pippam.fi\\\/wp-content\\\/uploads\\\/2022\\\/03\\\/Varainkeruu-kysymykset.jpg\",\"contentUrl\":\"https:\\\/\\\/pippam.fi\\\/wp-content\\\/uploads\\\/2022\\\/03\\\/Varainkeruu-kysymykset.jpg\",\"width\":1080,\"height\":1080},{\"@type\":\"BreadcrumbList\",\"@id\":\"https:\\\/\\\/pippam.fi\\\/?page_id=11100#breadcrumb\",\"itemListElement\":[{\"@type\":\"ListItem\",\"position\":1,\"name\":\"Etusivu\",\"item\":\"https:\\\/\\\/pippam.fi\\\/\"},{\"@type\":\"ListItem\",\"position\":2,\"name\":\"USEIN KYSYTTY\u00c4\"}]},{\"@type\":\"WebSite\",\"@id\":\"https:\\\/\\\/pippam.fi\\\/#website\",\"url\":\"https:\\\/\\\/pippam.fi\\\/\",\"name\":\"pippa m.\",\"description\":\"Vastuullista varainhankintaa \u2013 varainkeruu luokille ja joukkueille | pippa m.\",\"publisher\":{\"@id\":\"https:\\\/\\\/pippam.fi\\\/#organization\"},\"potentialAction\":[{\"@type\":\"SearchAction\",\"target\":{\"@type\":\"EntryPoint\",\"urlTemplate\":\"https:\\\/\\\/pippam.fi\\\/?s={search_term_string}\"},\"query-input\":{\"@type\":\"PropertyValueSpecification\",\"valueRequired\":true,\"valueName\":\"search_term_string\"}}],\"inLanguage\":\"fi\"},{\"@type\":\"Organization\",\"@id\":\"https:\\\/\\\/pippam.fi\\\/#organization\",\"name\":\"pippa m.\",\"url\":\"https:\\\/\\\/pippam.fi\\\/\",\"logo\":{\"@type\":\"ImageObject\",\"inLanguage\":\"fi\",\"@id\":\"https:\\\/\\\/pippam.fi\\\/#\\\/schema\\\/logo\\\/image\\\/\",\"url\":\"https:\\\/\\\/pippam.fi\\\/wp-content\\\/uploads\\\/2018\\\/02\\\/cropped-pippa_m_registered_trademark-3.png\",\"contentUrl\":\"https:\\\/\\\/pippam.fi\\\/wp-content\\\/uploads\\\/2018\\\/02\\\/cropped-pippa_m_registered_trademark-3.png\",\"width\":508,\"height\":110,\"caption\":\"pippa m.\"},\"image\":{\"@id\":\"https:\\\/\\\/pippam.fi\\\/#\\\/schema\\\/logo\\\/image\\\/\"},\"sameAs\":[\"https:\\\/\\\/www.facebook.com\\\/pippam.fi\",\"https:\\\/\\\/www.instagram.com\\\/pippam.fi\"]}]}<\/script>\n<!-- \/ Yoast SEO plugin. -->","yoast_head_json":{"title":"USEIN KYSYTTY\u00c4 - pippa m.","description":"Usein kysytyt kysymykset pippa m. varainhankinnasta. Vastauksia tuotteista, kampanjoista ja tilaamisesta helposti ja nopeasti.","robots":{"index":"index","follow":"follow","max-snippet":"max-snippet:-1","max-image-preview":"max-image-preview:large","max-video-preview":"max-video-preview:-1"},"canonical":"https:\/\/pippam.fi\/?page_id=11100","og_locale":"fi_FI","og_type":"article","og_title":"USEIN KYSYTTY\u00c4 - pippa m.","og_description":"Usein kysytyt kysymykset pippa m. varainhankinnasta. Vastauksia tuotteista, kampanjoista ja tilaamisesta helposti ja nopeasti.","og_url":"https:\/\/pippam.fi\/?page_id=11100","og_site_name":"pippa m.","article_publisher":"https:\/\/www.facebook.com\/pippam.fi","article_modified_time":"2025-08-21T08:30:04+00:00","og_image":[{"width":1080,"height":1080,"url":"https:\/\/pippam.fi\/wp-content\/uploads\/2022\/03\/Varainkeruu-kysymykset.jpg","type":"image\/jpeg"}],"twitter_card":"summary_large_image","twitter_misc":{"Arvioitu lukuaika":"3 minuuttia"},"schema":{"@context":"https:\/\/schema.org","@graph":[{"@type":"WebPage","@id":"https:\/\/pippam.fi\/?page_id=11100","url":"https:\/\/pippam.fi\/?page_id=11100","name":"USEIN KYSYTTY\u00c4 - pippa m.","isPartOf":{"@id":"https:\/\/pippam.fi\/#website"},"primaryImageOfPage":{"@id":"https:\/\/pippam.fi\/?page_id=11100#primaryimage"},"image":{"@id":"https:\/\/pippam.fi\/?page_id=11100#primaryimage"},"thumbnailUrl":"https:\/\/pippam.fi\/wp-content\/uploads\/2022\/03\/Varainkeruu-kysymykset.jpg","datePublished":"2022-03-11T11:56:48+00:00","dateModified":"2025-08-21T08:30:04+00:00","description":"Usein kysytyt kysymykset pippa m. varainhankinnasta. Vastauksia tuotteista, kampanjoista ja tilaamisesta helposti ja nopeasti.","breadcrumb":{"@id":"https:\/\/pippam.fi\/?page_id=11100#breadcrumb"},"inLanguage":"fi","potentialAction":[{"@type":"ReadAction","target":["https:\/\/pippam.fi\/?page_id=11100"]}]},{"@type":"ImageObject","inLanguage":"fi","@id":"https:\/\/pippam.fi\/?page_id=11100#primaryimage","url":"https:\/\/pippam.fi\/wp-content\/uploads\/2022\/03\/Varainkeruu-kysymykset.jpg","contentUrl":"https:\/\/pippam.fi\/wp-content\/uploads\/2022\/03\/Varainkeruu-kysymykset.jpg","width":1080,"height":1080},{"@type":"BreadcrumbList","@id":"https:\/\/pippam.fi\/?page_id=11100#breadcrumb","itemListElement":[{"@type":"ListItem","position":1,"name":"Etusivu","item":"https:\/\/pippam.fi\/"},{"@type":"ListItem","position":2,"name":"USEIN KYSYTTY\u00c4"}]},{"@type":"WebSite","@id":"https:\/\/pippam.fi\/#website","url":"https:\/\/pippam.fi\/","name":"pippa m.","description":"Vastuullista varainhankintaa \u2013 varainkeruu luokille ja joukkueille | pippa m.","publisher":{"@id":"https:\/\/pippam.fi\/#organization"},"potentialAction":[{"@type":"SearchAction","target":{"@type":"EntryPoint","urlTemplate":"https:\/\/pippam.fi\/?s={search_term_string}"},"query-input":{"@type":"PropertyValueSpecification","valueRequired":true,"valueName":"search_term_string"}}],"inLanguage":"fi"},{"@type":"Organization","@id":"https:\/\/pippam.fi\/#organization","name":"pippa m.","url":"https:\/\/pippam.fi\/","logo":{"@type":"ImageObject","inLanguage":"fi","@id":"https:\/\/pippam.fi\/#\/schema\/logo\/image\/","url":"https:\/\/pippam.fi\/wp-content\/uploads\/2018\/02\/cropped-pippa_m_registered_trademark-3.png","contentUrl":"https:\/\/pippam.fi\/wp-content\/uploads\/2018\/02\/cropped-pippa_m_registered_trademark-3.png","width":508,"height":110,"caption":"pippa m."},"image":{"@id":"https:\/\/pippam.fi\/#\/schema\/logo\/image\/"},"sameAs":["https:\/\/www.facebook.com\/pippam.fi","https:\/\/www.instagram.com\/pippam.fi"]}]}},"_links":{"self":[{"href":"https:\/\/pippam.fi\/index.php?rest_route=\/wp\/v2\/pages\/11100","targetHints":{"allow":["GET"]}}],"collection":[{"href":"https:\/\/pippam.fi\/index.php?rest_route=\/wp\/v2\/pages"}],"about":[{"href":"https:\/\/pippam.fi\/index.php?rest_route=\/wp\/v2\/types\/page"}],"author":[{"embeddable":true,"href":"https:\/\/pippam.fi\/index.php?rest_route=\/wp\/v2\/users\/2"}],"replies":[{"embeddable":true,"href":"https:\/\/pippam.fi\/index.php?rest_route=%2Fwp%2Fv2%2Fcomments&post=11100"}],"version-history":[{"count":3,"href":"https:\/\/pippam.fi\/index.php?rest_route=\/wp\/v2\/pages\/11100\/revisions"}],"predecessor-version":[{"id":11560,"href":"https:\/\/pippam.fi\/index.php?rest_route=\/wp\/v2\/pages\/11100\/revisions\/11560"}],"wp:featuredmedia":[{"embeddable":true,"href":"https:\/\/pippam.fi\/index.php?rest_route=\/wp\/v2\/media\/11102"}],"wp:attachment":[{"href":"https:\/\/pippam.fi\/index.php?rest_route=%2Fwp%2Fv2%2Fmedia&parent=11100"}],"curies":[{"name":"wp","href":"https:\/\/api.w.org\/{rel}","templated":true}]}}