{"id":3226,"date":"2020-07-01T12:30:40","date_gmt":"2020-07-01T09:30:40","guid":{"rendered":"https:\/\/pippam.fi\/?page_id=3226"},"modified":"2026-04-02T09:35:47","modified_gmt":"2026-04-02T06:35:47","slug":"kampanjat","status":"publish","type":"page","link":"https:\/\/pippam.fi\/?page_id=3226","title":{"rendered":"K\u00c4YNNISS\u00c4 OLEVAT KAMPANJAT"},"content":{"rendered":"<p>Eik\u00f6 l\u00e4hipiiriss\u00e4si ole k\u00e4ynniss\u00e4 varainhankintakampanjaa, jonka tukemiseksi voisit tilata haluamasi tuotteet?<\/p>\n<p>Nyt voit tilata haluamasi tuotteet sijainnistasi huolimatta ja samalla tukea valitsemaasi ryhm\u00e4\u00e4.<\/p>\n<p>Alla listattuna ne ryhm\u00e4t, jotka ovat ilmoittaneet varainhankintakampanjansa julkiseksi.<\/p>\n<p>Sy\u00f6t\u00e4 tilausta tehdess\u00e4si ryhm\u00e4n koodi sille varattuun kentt\u00e4\u00e4n.<\/p>\n<p>N\u00e4in 25% tilauksesi kokonaissummasta ohjautuu lyhent\u00e4m\u00e4tt\u00f6m\u00e4n\u00e4 valitsemasi ryhm\u00e4n tavoitteen tukemiseen.<\/p>\n<p>Valitse haluamasi ryhm\u00e4 ja kopioi ryhm\u00e4n koodi kuponkikentt\u00e4\u00e4n kassalle:<\/p>\n<p>&nbsp;<\/p>\n<p>Koodi: <strong>Lippo D-pojat sininen<\/strong><\/p>\n<p>Varainkeruun tavoite: <span data-olk-copy-source=\"MessageBody\">Kev\u00e4t 26 varainhankinta<\/span><\/p>\n<p>Varainhankinta on k\u00e4ynniss\u00e4 30.4.2026 saakka.<\/p>\n","protected":false},"excerpt":{"rendered":"<p>Eik\u00f6 l\u00e4hipiiriss\u00e4si ole k\u00e4ynniss\u00e4 varainhankintakampanjaa, jonka tukemiseksi voisit tilata haluamasi tuotteet? Nyt voit tilata haluamasi tuotteet sijainnistasi huolimatta ja samalla tukea valitsemaasi ryhm\u00e4\u00e4. Alla listattuna ne ryhm\u00e4t, jotka ovat ilmoittaneet varainhankintakampanjansa julkiseksi. Sy\u00f6t\u00e4 tilausta tehdess\u00e4si ryhm\u00e4n koodi sille varattuun kentt\u00e4\u00e4n. N\u00e4in 25% tilauksesi kokonaissummasta ohjautuu lyhent\u00e4m\u00e4tt\u00f6m\u00e4n\u00e4 valitsemasi ryhm\u00e4n tavoitteen tukemiseen. Valitse haluamasi ryhm\u00e4 ja kopioi [&hellip;]<\/p>\n","protected":false},"author":2,"featured_media":0,"parent":0,"menu_order":5,"comment_status":"closed","ping_status":"closed","template":"","meta":{"footnotes":""},"class_list":["post-3226","page","type-page","status-publish","hentry"],"yoast_head":"<!-- This site is optimized with the Yoast SEO plugin v27.3 - https:\/\/yoast.com\/product\/yoast-seo-wordpress\/ -->\n<title>K\u00c4YNNISS\u00c4 OLEVAT KAMPANJAT - pippa m.<\/title>\n<meta name=\"description\" content=\"Tue valitsemaasi luokkaa tai joukkuetta! Tilaa k\u00e4ynniss\u00e4 olevien pippa m. kampanjoiden tuotteita ja auta ryhm\u00e4\u00e4 ker\u00e4\u00e4m\u00e4\u00e4n varoja.\" \/>\n<meta name=\"robots\" content=\"index, follow, max-snippet:-1, max-image-preview:large, max-video-preview:-1\" \/>\n<link rel=\"canonical\" href=\"https:\/\/pippam.fi\/?page_id=3226\" \/>\n<meta property=\"og:locale\" content=\"fi_FI\" \/>\n<meta property=\"og:type\" content=\"article\" \/>\n<meta property=\"og:title\" content=\"K\u00c4YNNISS\u00c4 OLEVAT KAMPANJAT - pippa m.\" \/>\n<meta property=\"og:description\" content=\"Tue valitsemaasi luokkaa tai joukkuetta! Tilaa k\u00e4ynniss\u00e4 olevien pippa m. kampanjoiden tuotteita ja auta ryhm\u00e4\u00e4 ker\u00e4\u00e4m\u00e4\u00e4n varoja.\" \/>\n<meta property=\"og:url\" content=\"https:\/\/pippam.fi\/?page_id=3226\" \/>\n<meta property=\"og:site_name\" content=\"pippa m.\" \/>\n<meta property=\"article:publisher\" content=\"https:\/\/www.facebook.com\/pippam.fi\" \/>\n<meta property=\"article:modified_time\" content=\"2026-04-02T06:35:47+00:00\" \/>\n<meta name=\"twitter:card\" content=\"summary_large_image\" \/>\n<meta name=\"twitter:label1\" content=\"Arvioitu lukuaika\" \/>\n\t<meta name=\"twitter:data1\" content=\"1 minuutti\" \/>\n<script type=\"application\/ld+json\" class=\"yoast-schema-graph\">{\"@context\":\"https:\\\/\\\/schema.org\",\"@graph\":[{\"@type\":\"WebPage\",\"@id\":\"https:\\\/\\\/pippam.fi\\\/?page_id=3226\",\"url\":\"https:\\\/\\\/pippam.fi\\\/?page_id=3226\",\"name\":\"K\u00c4YNNISS\u00c4 OLEVAT KAMPANJAT - pippa m.\",\"isPartOf\":{\"@id\":\"https:\\\/\\\/pippam.fi\\\/#website\"},\"datePublished\":\"2020-07-01T09:30:40+00:00\",\"dateModified\":\"2026-04-02T06:35:47+00:00\",\"description\":\"Tue valitsemaasi luokkaa tai joukkuetta! Tilaa k\u00e4ynniss\u00e4 olevien pippa m. kampanjoiden tuotteita ja auta ryhm\u00e4\u00e4 ker\u00e4\u00e4m\u00e4\u00e4n varoja.\",\"breadcrumb\":{\"@id\":\"https:\\\/\\\/pippam.fi\\\/?page_id=3226#breadcrumb\"},\"inLanguage\":\"fi\",\"potentialAction\":[{\"@type\":\"ReadAction\",\"target\":[\"https:\\\/\\\/pippam.fi\\\/?page_id=3226\"]}]},{\"@type\":\"BreadcrumbList\",\"@id\":\"https:\\\/\\\/pippam.fi\\\/?page_id=3226#breadcrumb\",\"itemListElement\":[{\"@type\":\"ListItem\",\"position\":1,\"name\":\"Etusivu\",\"item\":\"https:\\\/\\\/pippam.fi\\\/\"},{\"@type\":\"ListItem\",\"position\":2,\"name\":\"K\u00c4YNNISS\u00c4 OLEVAT KAMPANJAT\"}]},{\"@type\":\"WebSite\",\"@id\":\"https:\\\/\\\/pippam.fi\\\/#website\",\"url\":\"https:\\\/\\\/pippam.fi\\\/\",\"name\":\"pippa m.\",\"description\":\"Vastuullista varainhankintaa \u2013 varainkeruu luokille ja joukkueille | pippa m.\",\"publisher\":{\"@id\":\"https:\\\/\\\/pippam.fi\\\/#organization\"},\"potentialAction\":[{\"@type\":\"SearchAction\",\"target\":{\"@type\":\"EntryPoint\",\"urlTemplate\":\"https:\\\/\\\/pippam.fi\\\/?s={search_term_string}\"},\"query-input\":{\"@type\":\"PropertyValueSpecification\",\"valueRequired\":true,\"valueName\":\"search_term_string\"}}],\"inLanguage\":\"fi\"},{\"@type\":\"Organization\",\"@id\":\"https:\\\/\\\/pippam.fi\\\/#organization\",\"name\":\"pippa m.\",\"url\":\"https:\\\/\\\/pippam.fi\\\/\",\"logo\":{\"@type\":\"ImageObject\",\"inLanguage\":\"fi\",\"@id\":\"https:\\\/\\\/pippam.fi\\\/#\\\/schema\\\/logo\\\/image\\\/\",\"url\":\"https:\\\/\\\/pippam.fi\\\/wp-content\\\/uploads\\\/2018\\\/02\\\/cropped-pippa_m_registered_trademark-3.png\",\"contentUrl\":\"https:\\\/\\\/pippam.fi\\\/wp-content\\\/uploads\\\/2018\\\/02\\\/cropped-pippa_m_registered_trademark-3.png\",\"width\":508,\"height\":110,\"caption\":\"pippa m.\"},\"image\":{\"@id\":\"https:\\\/\\\/pippam.fi\\\/#\\\/schema\\\/logo\\\/image\\\/\"},\"sameAs\":[\"https:\\\/\\\/www.facebook.com\\\/pippam.fi\",\"https:\\\/\\\/www.instagram.com\\\/pippam.fi\"]}]}<\/script>\n<!-- \/ Yoast SEO plugin. -->","yoast_head_json":{"title":"K\u00c4YNNISS\u00c4 OLEVAT KAMPANJAT - pippa m.","description":"Tue valitsemaasi luokkaa tai joukkuetta! Tilaa k\u00e4ynniss\u00e4 olevien pippa m. kampanjoiden tuotteita ja auta ryhm\u00e4\u00e4 ker\u00e4\u00e4m\u00e4\u00e4n varoja.","robots":{"index":"index","follow":"follow","max-snippet":"max-snippet:-1","max-image-preview":"max-image-preview:large","max-video-preview":"max-video-preview:-1"},"canonical":"https:\/\/pippam.fi\/?page_id=3226","og_locale":"fi_FI","og_type":"article","og_title":"K\u00c4YNNISS\u00c4 OLEVAT KAMPANJAT - pippa m.","og_description":"Tue valitsemaasi luokkaa tai joukkuetta! Tilaa k\u00e4ynniss\u00e4 olevien pippa m. kampanjoiden tuotteita ja auta ryhm\u00e4\u00e4 ker\u00e4\u00e4m\u00e4\u00e4n varoja.","og_url":"https:\/\/pippam.fi\/?page_id=3226","og_site_name":"pippa m.","article_publisher":"https:\/\/www.facebook.com\/pippam.fi","article_modified_time":"2026-04-02T06:35:47+00:00","twitter_card":"summary_large_image","twitter_misc":{"Arvioitu lukuaika":"1 minuutti"},"schema":{"@context":"https:\/\/schema.org","@graph":[{"@type":"WebPage","@id":"https:\/\/pippam.fi\/?page_id=3226","url":"https:\/\/pippam.fi\/?page_id=3226","name":"K\u00c4YNNISS\u00c4 OLEVAT KAMPANJAT - pippa m.","isPartOf":{"@id":"https:\/\/pippam.fi\/#website"},"datePublished":"2020-07-01T09:30:40+00:00","dateModified":"2026-04-02T06:35:47+00:00","description":"Tue valitsemaasi luokkaa tai joukkuetta! Tilaa k\u00e4ynniss\u00e4 olevien pippa m. kampanjoiden tuotteita ja auta ryhm\u00e4\u00e4 ker\u00e4\u00e4m\u00e4\u00e4n varoja.","breadcrumb":{"@id":"https:\/\/pippam.fi\/?page_id=3226#breadcrumb"},"inLanguage":"fi","potentialAction":[{"@type":"ReadAction","target":["https:\/\/pippam.fi\/?page_id=3226"]}]},{"@type":"BreadcrumbList","@id":"https:\/\/pippam.fi\/?page_id=3226#breadcrumb","itemListElement":[{"@type":"ListItem","position":1,"name":"Etusivu","item":"https:\/\/pippam.fi\/"},{"@type":"ListItem","position":2,"name":"K\u00c4YNNISS\u00c4 OLEVAT KAMPANJAT"}]},{"@type":"WebSite","@id":"https:\/\/pippam.fi\/#website","url":"https:\/\/pippam.fi\/","name":"pippa m.","description":"Vastuullista varainhankintaa \u2013 varainkeruu luokille ja joukkueille | pippa m.","publisher":{"@id":"https:\/\/pippam.fi\/#organization"},"potentialAction":[{"@type":"SearchAction","target":{"@type":"EntryPoint","urlTemplate":"https:\/\/pippam.fi\/?s={search_term_string}"},"query-input":{"@type":"PropertyValueSpecification","valueRequired":true,"valueName":"search_term_string"}}],"inLanguage":"fi"},{"@type":"Organization","@id":"https:\/\/pippam.fi\/#organization","name":"pippa m.","url":"https:\/\/pippam.fi\/","logo":{"@type":"ImageObject","inLanguage":"fi","@id":"https:\/\/pippam.fi\/#\/schema\/logo\/image\/","url":"https:\/\/pippam.fi\/wp-content\/uploads\/2018\/02\/cropped-pippa_m_registered_trademark-3.png","contentUrl":"https:\/\/pippam.fi\/wp-content\/uploads\/2018\/02\/cropped-pippa_m_registered_trademark-3.png","width":508,"height":110,"caption":"pippa m."},"image":{"@id":"https:\/\/pippam.fi\/#\/schema\/logo\/image\/"},"sameAs":["https:\/\/www.facebook.com\/pippam.fi","https:\/\/www.instagram.com\/pippam.fi"]}]}},"_links":{"self":[{"href":"https:\/\/pippam.fi\/index.php?rest_route=\/wp\/v2\/pages\/3226","targetHints":{"allow":["GET"]}}],"collection":[{"href":"https:\/\/pippam.fi\/index.php?rest_route=\/wp\/v2\/pages"}],"about":[{"href":"https:\/\/pippam.fi\/index.php?rest_route=\/wp\/v2\/types\/page"}],"author":[{"embeddable":true,"href":"https:\/\/pippam.fi\/index.php?rest_route=\/wp\/v2\/users\/2"}],"replies":[{"embeddable":true,"href":"https:\/\/pippam.fi\/index.php?rest_route=%2Fwp%2Fv2%2Fcomments&post=3226"}],"version-history":[{"count":20,"href":"https:\/\/pippam.fi\/index.php?rest_route=\/wp\/v2\/pages\/3226\/revisions"}],"predecessor-version":[{"id":12598,"href":"https:\/\/pippam.fi\/index.php?rest_route=\/wp\/v2\/pages\/3226\/revisions\/12598"}],"wp:attachment":[{"href":"https:\/\/pippam.fi\/index.php?rest_route=%2Fwp%2Fv2%2Fmedia&parent=3226"}],"curies":[{"name":"wp","href":"https:\/\/api.w.org\/{rel}","templated":true}]}}