{"id":5372,"date":"2020-09-28T15:17:11","date_gmt":"2020-09-28T12:17:11","guid":{"rendered":"https:\/\/pippam.fi\/?page_id=5372"},"modified":"2025-08-21T11:34:41","modified_gmt":"2025-08-21T08:34:41","slug":"ajankohtaista","status":"publish","type":"page","link":"https:\/\/pippam.fi\/?page_id=5372","title":{"rendered":"BLOGI"},"content":{"rendered":"","protected":false},"excerpt":{"rendered":"","protected":false},"author":2,"featured_media":0,"parent":0,"menu_order":9,"comment_status":"closed","ping_status":"closed","template":"","meta":{"footnotes":""},"class_list":["post-5372","page","type-page","status-publish","hentry"],"yoast_head":"<!-- This site is optimized with the Yoast SEO plugin v27.3 - https:\/\/yoast.com\/product\/yoast-seo-wordpress\/ -->\n<title>BLOGI - pippa m.<\/title>\n<meta name=\"description\" content=\"Artikkelit k\u00e4sittelev\u00e4t laajasti varainhankintaa kokonaisuudessaan sek\u00e4 sis\u00e4lt\u00e4v\u00e4t vinkkej\u00e4, miten ker\u00e4\u00e4t rahaa luokalle tai joukkueelle.\" \/>\n<meta name=\"robots\" content=\"index, follow, max-snippet:-1, max-image-preview:large, max-video-preview:-1\" \/>\n<link rel=\"canonical\" href=\"https:\/\/pippam.fi\/?page_id=5372\" \/>\n<meta property=\"og:locale\" content=\"fi_FI\" \/>\n<meta property=\"og:type\" content=\"article\" \/>\n<meta property=\"og:title\" content=\"BLOGI - pippa m.\" \/>\n<meta property=\"og:description\" content=\"Artikkelit k\u00e4sittelev\u00e4t laajasti varainhankintaa kokonaisuudessaan sek\u00e4 sis\u00e4lt\u00e4v\u00e4t vinkkej\u00e4, miten ker\u00e4\u00e4t rahaa luokalle tai joukkueelle.\" \/>\n<meta property=\"og:url\" content=\"https:\/\/pippam.fi\/?page_id=5372\" \/>\n<meta property=\"og:site_name\" content=\"pippa m.\" \/>\n<meta property=\"article:publisher\" content=\"https:\/\/www.facebook.com\/pippam.fi\" \/>\n<meta property=\"article:modified_time\" content=\"2025-08-21T08:34:41+00:00\" \/>\n<meta name=\"twitter:card\" content=\"summary_large_image\" \/>\n<script type=\"application\/ld+json\" class=\"yoast-schema-graph\">{\"@context\":\"https:\\\/\\\/schema.org\",\"@graph\":[{\"@type\":[\"WebPage\",\"CollectionPage\"],\"@id\":\"https:\\\/\\\/pippam.fi\\\/?page_id=5372\",\"url\":\"https:\\\/\\\/pippam.fi\\\/?page_id=5372\",\"name\":\"BLOGI - pippa m.\",\"isPartOf\":{\"@id\":\"https:\\\/\\\/pippam.fi\\\/#website\"},\"datePublished\":\"2020-09-28T12:17:11+00:00\",\"dateModified\":\"2025-08-21T08:34:41+00:00\",\"description\":\"Artikkelit k\u00e4sittelev\u00e4t laajasti varainhankintaa kokonaisuudessaan sek\u00e4 sis\u00e4lt\u00e4v\u00e4t vinkkej\u00e4, miten ker\u00e4\u00e4t rahaa luokalle tai joukkueelle.\",\"breadcrumb\":{\"@id\":\"https:\\\/\\\/pippam.fi\\\/?page_id=5372#breadcrumb\"},\"inLanguage\":\"fi\"},{\"@type\":\"BreadcrumbList\",\"@id\":\"https:\\\/\\\/pippam.fi\\\/?page_id=5372#breadcrumb\",\"itemListElement\":[{\"@type\":\"ListItem\",\"position\":1,\"name\":\"Etusivu\",\"item\":\"https:\\\/\\\/pippam.fi\\\/\"},{\"@type\":\"ListItem\",\"position\":2,\"name\":\"BLOGI\"}]},{\"@type\":\"WebSite\",\"@id\":\"https:\\\/\\\/pippam.fi\\\/#website\",\"url\":\"https:\\\/\\\/pippam.fi\\\/\",\"name\":\"pippa m.\",\"description\":\"Vastuullista varainhankintaa \u2013 varainkeruu luokille ja joukkueille | pippa m.\",\"publisher\":{\"@id\":\"https:\\\/\\\/pippam.fi\\\/#organization\"},\"potentialAction\":[{\"@type\":\"SearchAction\",\"target\":{\"@type\":\"EntryPoint\",\"urlTemplate\":\"https:\\\/\\\/pippam.fi\\\/?s={search_term_string}\"},\"query-input\":{\"@type\":\"PropertyValueSpecification\",\"valueRequired\":true,\"valueName\":\"search_term_string\"}}],\"inLanguage\":\"fi\"},{\"@type\":\"Organization\",\"@id\":\"https:\\\/\\\/pippam.fi\\\/#organization\",\"name\":\"pippa m.\",\"url\":\"https:\\\/\\\/pippam.fi\\\/\",\"logo\":{\"@type\":\"ImageObject\",\"inLanguage\":\"fi\",\"@id\":\"https:\\\/\\\/pippam.fi\\\/#\\\/schema\\\/logo\\\/image\\\/\",\"url\":\"https:\\\/\\\/pippam.fi\\\/wp-content\\\/uploads\\\/2018\\\/02\\\/cropped-pippa_m_registered_trademark-3.png\",\"contentUrl\":\"https:\\\/\\\/pippam.fi\\\/wp-content\\\/uploads\\\/2018\\\/02\\\/cropped-pippa_m_registered_trademark-3.png\",\"width\":508,\"height\":110,\"caption\":\"pippa m.\"},\"image\":{\"@id\":\"https:\\\/\\\/pippam.fi\\\/#\\\/schema\\\/logo\\\/image\\\/\"},\"sameAs\":[\"https:\\\/\\\/www.facebook.com\\\/pippam.fi\",\"https:\\\/\\\/www.instagram.com\\\/pippam.fi\"]}]}<\/script>\n<!-- \/ Yoast SEO plugin. -->","yoast_head_json":{"title":"BLOGI - pippa m.","description":"Artikkelit k\u00e4sittelev\u00e4t laajasti varainhankintaa kokonaisuudessaan sek\u00e4 sis\u00e4lt\u00e4v\u00e4t vinkkej\u00e4, miten ker\u00e4\u00e4t rahaa luokalle tai joukkueelle.","robots":{"index":"index","follow":"follow","max-snippet":"max-snippet:-1","max-image-preview":"max-image-preview:large","max-video-preview":"max-video-preview:-1"},"canonical":"https:\/\/pippam.fi\/?page_id=5372","og_locale":"fi_FI","og_type":"article","og_title":"BLOGI - pippa m.","og_description":"Artikkelit k\u00e4sittelev\u00e4t laajasti varainhankintaa kokonaisuudessaan sek\u00e4 sis\u00e4lt\u00e4v\u00e4t vinkkej\u00e4, miten ker\u00e4\u00e4t rahaa luokalle tai joukkueelle.","og_url":"https:\/\/pippam.fi\/?page_id=5372","og_site_name":"pippa m.","article_publisher":"https:\/\/www.facebook.com\/pippam.fi","article_modified_time":"2025-08-21T08:34:41+00:00","twitter_card":"summary_large_image","schema":{"@context":"https:\/\/schema.org","@graph":[{"@type":["WebPage","CollectionPage"],"@id":"https:\/\/pippam.fi\/?page_id=5372","url":"https:\/\/pippam.fi\/?page_id=5372","name":"BLOGI - pippa m.","isPartOf":{"@id":"https:\/\/pippam.fi\/#website"},"datePublished":"2020-09-28T12:17:11+00:00","dateModified":"2025-08-21T08:34:41+00:00","description":"Artikkelit k\u00e4sittelev\u00e4t laajasti varainhankintaa kokonaisuudessaan sek\u00e4 sis\u00e4lt\u00e4v\u00e4t vinkkej\u00e4, miten ker\u00e4\u00e4t rahaa luokalle tai joukkueelle.","breadcrumb":{"@id":"https:\/\/pippam.fi\/?page_id=5372#breadcrumb"},"inLanguage":"fi"},{"@type":"BreadcrumbList","@id":"https:\/\/pippam.fi\/?page_id=5372#breadcrumb","itemListElement":[{"@type":"ListItem","position":1,"name":"Etusivu","item":"https:\/\/pippam.fi\/"},{"@type":"ListItem","position":2,"name":"BLOGI"}]},{"@type":"WebSite","@id":"https:\/\/pippam.fi\/#website","url":"https:\/\/pippam.fi\/","name":"pippa m.","description":"Vastuullista varainhankintaa \u2013 varainkeruu luokille ja joukkueille | pippa m.","publisher":{"@id":"https:\/\/pippam.fi\/#organization"},"potentialAction":[{"@type":"SearchAction","target":{"@type":"EntryPoint","urlTemplate":"https:\/\/pippam.fi\/?s={search_term_string}"},"query-input":{"@type":"PropertyValueSpecification","valueRequired":true,"valueName":"search_term_string"}}],"inLanguage":"fi"},{"@type":"Organization","@id":"https:\/\/pippam.fi\/#organization","name":"pippa m.","url":"https:\/\/pippam.fi\/","logo":{"@type":"ImageObject","inLanguage":"fi","@id":"https:\/\/pippam.fi\/#\/schema\/logo\/image\/","url":"https:\/\/pippam.fi\/wp-content\/uploads\/2018\/02\/cropped-pippa_m_registered_trademark-3.png","contentUrl":"https:\/\/pippam.fi\/wp-content\/uploads\/2018\/02\/cropped-pippa_m_registered_trademark-3.png","width":508,"height":110,"caption":"pippa m."},"image":{"@id":"https:\/\/pippam.fi\/#\/schema\/logo\/image\/"},"sameAs":["https:\/\/www.facebook.com\/pippam.fi","https:\/\/www.instagram.com\/pippam.fi"]}]}},"_links":{"self":[{"href":"https:\/\/pippam.fi\/index.php?rest_route=\/wp\/v2\/pages\/5372","targetHints":{"allow":["GET"]}}],"collection":[{"href":"https:\/\/pippam.fi\/index.php?rest_route=\/wp\/v2\/pages"}],"about":[{"href":"https:\/\/pippam.fi\/index.php?rest_route=\/wp\/v2\/types\/page"}],"author":[{"embeddable":true,"href":"https:\/\/pippam.fi\/index.php?rest_route=\/wp\/v2\/users\/2"}],"replies":[{"embeddable":true,"href":"https:\/\/pippam.fi\/index.php?rest_route=%2Fwp%2Fv2%2Fcomments&post=5372"}],"version-history":[{"count":1,"href":"https:\/\/pippam.fi\/index.php?rest_route=\/wp\/v2\/pages\/5372\/revisions"}],"predecessor-version":[{"id":5374,"href":"https:\/\/pippam.fi\/index.php?rest_route=\/wp\/v2\/pages\/5372\/revisions\/5374"}],"wp:attachment":[{"href":"https:\/\/pippam.fi\/index.php?rest_route=%2Fwp%2Fv2%2Fmedia&parent=5372"}],"curies":[{"name":"wp","href":"https:\/\/api.w.org\/{rel}","templated":true}]}}