{"id":35,"date":"2017-01-11T14:50:48","date_gmt":"2017-01-11T12:50:48","guid":{"rendered":"https:\/\/pippam.fi\/?post_type=product&#038;p=35"},"modified":"2024-10-10T14:46:23","modified_gmt":"2024-10-10T11:46:23","slug":"pippa-m-nestesaippua","status":"publish","type":"product","link":"https:\/\/pippam.fi\/?product=pippa-m-nestesaippua","title":{"rendered":"11. pippa m. k\u00e4sisaippua"},"content":{"rendered":"<p><strong>pippa m.<\/strong>\u00a0k\u00e4sisaippua on miedon tuoksuinen ja hell\u00e4varainen k\u00e4sienpesuaine. Sis\u00e4lt\u00e4\u00e4 ihoa kosteuttavaa glyserolia.<\/p>\n<p>Helmi\u00e4ishohtoinen neste.<\/p>\n<p>pH 6<\/p>\n<p>Turvallisuusarvioitu kosmetiikka-asetuksen (EY) n:o 1223\/2009 mukaisesti.<\/p>\n<p>500 ml pumppupullo<\/p>\n<p><strong>pippa m.<\/strong> k\u00e4sisaippua on Suomessa valmistettu avainlipputuote ja sille on my\u00f6nnetty Joutsenmerkki eli pohjoismainen ymp\u00e4rist\u00f6merkki.<\/p>\n<p><img loading=\"lazy\" decoding=\"async\" class=\"aligncenter size-full wp-image-372\" src=\"https:\/\/pippam.fi\/wp-content\/uploads\/2017\/01\/ym-1.png\" alt=\"\" width=\"104\" height=\"144\" \/><\/p>\n<p><a href=\"https:\/\/pippam.fi\/wp-content\/uploads\/2017\/01\/pippa-m.-k\u00e4sisaippua_ainesosat.pdf\">Ainesosat<\/a><\/p>\n","protected":false},"excerpt":{"rendered":"<p><strong>pippa m.<\/strong>\u00a0k\u00e4sisaippua on miedon tuoksuinen ja hell\u00e4varainen k\u00e4sienpesuaine.<\/p>\n<p>&nbsp;<\/p>\n","protected":false},"featured_media":11071,"template":"","meta":[],"product_brand":[],"product_cat":[44],"product_tag":[39,50,38,20,37,36,40,94],"class_list":{"0":"post-35","1":"product","2":"type-product","3":"status-publish","4":"has-post-thumbnail","6":"product_cat-uncategorized","7":"product_tag-kasisaippua","8":"product_tag-musta-kasisaippua","9":"product_tag-nestesaippua","10":"product_tag-pippa-m","11":"product_tag-pippa-m-kasisaippua","12":"product_tag-pippa-m-nestesaippua","13":"product_tag-saippuapumppu","14":"product_tag-varainhankintaa","16":"first","17":"instock","18":"taxable","19":"shipping-taxable","20":"purchasable","21":"product-type-simple"},"yoast_head":"<!-- This site is optimized with the Yoast SEO plugin v27.3 - https:\/\/yoast.com\/product\/yoast-seo-wordpress\/ -->\n<title>11. pippa m. k\u00e4sisaippua - pippa m.<\/title>\n<meta name=\"robots\" content=\"index, follow, max-snippet:-1, max-image-preview:large, max-video-preview:-1\" \/>\n<link rel=\"canonical\" href=\"https:\/\/pippam.fi\/?product=pippa-m-nestesaippua\" \/>\n<meta property=\"og:locale\" content=\"fi_FI\" \/>\n<meta property=\"og:type\" content=\"article\" \/>\n<meta property=\"og:title\" content=\"11. pippa m. k\u00e4sisaippua - pippa m.\" \/>\n<meta property=\"og:description\" content=\"pippa m.\u00a0k\u00e4sisaippua on miedon tuoksuinen ja hell\u00e4varainen k\u00e4sienpesuaine.  &nbsp;\" \/>\n<meta property=\"og:url\" content=\"https:\/\/pippam.fi\/?product=pippa-m-nestesaippua\" \/>\n<meta property=\"og:site_name\" content=\"pippa m.\" \/>\n<meta property=\"article:publisher\" content=\"https:\/\/www.facebook.com\/pippam.fi\" \/>\n<meta property=\"article:modified_time\" content=\"2024-10-10T11:46:23+00:00\" \/>\n<meta property=\"og:image\" content=\"https:\/\/pippam.fi\/wp-content\/uploads\/2017\/01\/Varainhankintaa-kasisaippua.png\" \/>\n\t<meta property=\"og:image:width\" content=\"1080\" \/>\n\t<meta property=\"og:image:height\" content=\"1080\" \/>\n\t<meta property=\"og:image:type\" content=\"image\/png\" \/>\n<meta name=\"twitter:card\" content=\"summary_large_image\" \/>\n<script type=\"application\/ld+json\" class=\"yoast-schema-graph\">{\"@context\":\"https:\\\/\\\/schema.org\",\"@graph\":[{\"@type\":\"WebPage\",\"@id\":\"https:\\\/\\\/pippam.fi\\\/?product=pippa-m-nestesaippua\",\"url\":\"https:\\\/\\\/pippam.fi\\\/?product=pippa-m-nestesaippua\",\"name\":\"11. pippa m. k\u00e4sisaippua - pippa m.\",\"isPartOf\":{\"@id\":\"https:\\\/\\\/pippam.fi\\\/#website\"},\"primaryImageOfPage\":{\"@id\":\"https:\\\/\\\/pippam.fi\\\/?product=pippa-m-nestesaippua#primaryimage\"},\"image\":{\"@id\":\"https:\\\/\\\/pippam.fi\\\/?product=pippa-m-nestesaippua#primaryimage\"},\"thumbnailUrl\":\"https:\\\/\\\/pippam.fi\\\/wp-content\\\/uploads\\\/2017\\\/01\\\/Varainhankintaa-kasisaippua.png\",\"datePublished\":\"2017-01-11T12:50:48+00:00\",\"dateModified\":\"2024-10-10T11:46:23+00:00\",\"breadcrumb\":{\"@id\":\"https:\\\/\\\/pippam.fi\\\/?product=pippa-m-nestesaippua#breadcrumb\"},\"inLanguage\":\"fi\",\"potentialAction\":[{\"@type\":\"ReadAction\",\"target\":[\"https:\\\/\\\/pippam.fi\\\/?product=pippa-m-nestesaippua\"]}]},{\"@type\":\"ImageObject\",\"inLanguage\":\"fi\",\"@id\":\"https:\\\/\\\/pippam.fi\\\/?product=pippa-m-nestesaippua#primaryimage\",\"url\":\"https:\\\/\\\/pippam.fi\\\/wp-content\\\/uploads\\\/2017\\\/01\\\/Varainhankintaa-kasisaippua.png\",\"contentUrl\":\"https:\\\/\\\/pippam.fi\\\/wp-content\\\/uploads\\\/2017\\\/01\\\/Varainhankintaa-kasisaippua.png\",\"width\":1080,\"height\":1080},{\"@type\":\"BreadcrumbList\",\"@id\":\"https:\\\/\\\/pippam.fi\\\/?product=pippa-m-nestesaippua#breadcrumb\",\"itemListElement\":[{\"@type\":\"ListItem\",\"position\":1,\"name\":\"Etusivu\",\"item\":\"https:\\\/\\\/pippam.fi\\\/\"},{\"@type\":\"ListItem\",\"position\":2,\"name\":\"KAUPPA\",\"item\":\"https:\\\/\\\/pippam.fi\\\/?page_id=4\"},{\"@type\":\"ListItem\",\"position\":3,\"name\":\"11. pippa m. k\u00e4sisaippua\"}]},{\"@type\":\"WebSite\",\"@id\":\"https:\\\/\\\/pippam.fi\\\/#website\",\"url\":\"https:\\\/\\\/pippam.fi\\\/\",\"name\":\"pippa m.\",\"description\":\"Vastuullista varainhankintaa \u2013 varainkeruu luokille ja joukkueille | pippa m.\",\"publisher\":{\"@id\":\"https:\\\/\\\/pippam.fi\\\/#organization\"},\"potentialAction\":[{\"@type\":\"SearchAction\",\"target\":{\"@type\":\"EntryPoint\",\"urlTemplate\":\"https:\\\/\\\/pippam.fi\\\/?s={search_term_string}\"},\"query-input\":{\"@type\":\"PropertyValueSpecification\",\"valueRequired\":true,\"valueName\":\"search_term_string\"}}],\"inLanguage\":\"fi\"},{\"@type\":\"Organization\",\"@id\":\"https:\\\/\\\/pippam.fi\\\/#organization\",\"name\":\"pippa m.\",\"url\":\"https:\\\/\\\/pippam.fi\\\/\",\"logo\":{\"@type\":\"ImageObject\",\"inLanguage\":\"fi\",\"@id\":\"https:\\\/\\\/pippam.fi\\\/#\\\/schema\\\/logo\\\/image\\\/\",\"url\":\"https:\\\/\\\/pippam.fi\\\/wp-content\\\/uploads\\\/2018\\\/02\\\/cropped-pippa_m_registered_trademark-3.png\",\"contentUrl\":\"https:\\\/\\\/pippam.fi\\\/wp-content\\\/uploads\\\/2018\\\/02\\\/cropped-pippa_m_registered_trademark-3.png\",\"width\":508,\"height\":110,\"caption\":\"pippa m.\"},\"image\":{\"@id\":\"https:\\\/\\\/pippam.fi\\\/#\\\/schema\\\/logo\\\/image\\\/\"},\"sameAs\":[\"https:\\\/\\\/www.facebook.com\\\/pippam.fi\",\"https:\\\/\\\/www.instagram.com\\\/pippam.fi\"]}]}<\/script>\n<!-- \/ Yoast SEO plugin. -->","yoast_head_json":{"title":"11. pippa m. k\u00e4sisaippua - pippa m.","robots":{"index":"index","follow":"follow","max-snippet":"max-snippet:-1","max-image-preview":"max-image-preview:large","max-video-preview":"max-video-preview:-1"},"canonical":"https:\/\/pippam.fi\/?product=pippa-m-nestesaippua","og_locale":"fi_FI","og_type":"article","og_title":"11. pippa m. k\u00e4sisaippua - pippa m.","og_description":"pippa m.\u00a0k\u00e4sisaippua on miedon tuoksuinen ja hell\u00e4varainen k\u00e4sienpesuaine.  &nbsp;","og_url":"https:\/\/pippam.fi\/?product=pippa-m-nestesaippua","og_site_name":"pippa m.","article_publisher":"https:\/\/www.facebook.com\/pippam.fi","article_modified_time":"2024-10-10T11:46:23+00:00","og_image":[{"width":1080,"height":1080,"url":"https:\/\/pippam.fi\/wp-content\/uploads\/2017\/01\/Varainhankintaa-kasisaippua.png","type":"image\/png"}],"twitter_card":"summary_large_image","schema":{"@context":"https:\/\/schema.org","@graph":[{"@type":"WebPage","@id":"https:\/\/pippam.fi\/?product=pippa-m-nestesaippua","url":"https:\/\/pippam.fi\/?product=pippa-m-nestesaippua","name":"11. pippa m. k\u00e4sisaippua - pippa m.","isPartOf":{"@id":"https:\/\/pippam.fi\/#website"},"primaryImageOfPage":{"@id":"https:\/\/pippam.fi\/?product=pippa-m-nestesaippua#primaryimage"},"image":{"@id":"https:\/\/pippam.fi\/?product=pippa-m-nestesaippua#primaryimage"},"thumbnailUrl":"https:\/\/pippam.fi\/wp-content\/uploads\/2017\/01\/Varainhankintaa-kasisaippua.png","datePublished":"2017-01-11T12:50:48+00:00","dateModified":"2024-10-10T11:46:23+00:00","breadcrumb":{"@id":"https:\/\/pippam.fi\/?product=pippa-m-nestesaippua#breadcrumb"},"inLanguage":"fi","potentialAction":[{"@type":"ReadAction","target":["https:\/\/pippam.fi\/?product=pippa-m-nestesaippua"]}]},{"@type":"ImageObject","inLanguage":"fi","@id":"https:\/\/pippam.fi\/?product=pippa-m-nestesaippua#primaryimage","url":"https:\/\/pippam.fi\/wp-content\/uploads\/2017\/01\/Varainhankintaa-kasisaippua.png","contentUrl":"https:\/\/pippam.fi\/wp-content\/uploads\/2017\/01\/Varainhankintaa-kasisaippua.png","width":1080,"height":1080},{"@type":"BreadcrumbList","@id":"https:\/\/pippam.fi\/?product=pippa-m-nestesaippua#breadcrumb","itemListElement":[{"@type":"ListItem","position":1,"name":"Etusivu","item":"https:\/\/pippam.fi\/"},{"@type":"ListItem","position":2,"name":"KAUPPA","item":"https:\/\/pippam.fi\/?page_id=4"},{"@type":"ListItem","position":3,"name":"11. pippa m. k\u00e4sisaippua"}]},{"@type":"WebSite","@id":"https:\/\/pippam.fi\/#website","url":"https:\/\/pippam.fi\/","name":"pippa m.","description":"Vastuullista varainhankintaa \u2013 varainkeruu luokille ja joukkueille | pippa m.","publisher":{"@id":"https:\/\/pippam.fi\/#organization"},"potentialAction":[{"@type":"SearchAction","target":{"@type":"EntryPoint","urlTemplate":"https:\/\/pippam.fi\/?s={search_term_string}"},"query-input":{"@type":"PropertyValueSpecification","valueRequired":true,"valueName":"search_term_string"}}],"inLanguage":"fi"},{"@type":"Organization","@id":"https:\/\/pippam.fi\/#organization","name":"pippa m.","url":"https:\/\/pippam.fi\/","logo":{"@type":"ImageObject","inLanguage":"fi","@id":"https:\/\/pippam.fi\/#\/schema\/logo\/image\/","url":"https:\/\/pippam.fi\/wp-content\/uploads\/2018\/02\/cropped-pippa_m_registered_trademark-3.png","contentUrl":"https:\/\/pippam.fi\/wp-content\/uploads\/2018\/02\/cropped-pippa_m_registered_trademark-3.png","width":508,"height":110,"caption":"pippa m."},"image":{"@id":"https:\/\/pippam.fi\/#\/schema\/logo\/image\/"},"sameAs":["https:\/\/www.facebook.com\/pippam.fi","https:\/\/www.instagram.com\/pippam.fi"]}]}},"_links":{"self":[{"href":"https:\/\/pippam.fi\/index.php?rest_route=\/wp\/v2\/product\/35","targetHints":{"allow":["GET"]}}],"collection":[{"href":"https:\/\/pippam.fi\/index.php?rest_route=\/wp\/v2\/product"}],"about":[{"href":"https:\/\/pippam.fi\/index.php?rest_route=\/wp\/v2\/types\/product"}],"wp:featuredmedia":[{"embeddable":true,"href":"https:\/\/pippam.fi\/index.php?rest_route=\/wp\/v2\/media\/11071"}],"wp:attachment":[{"href":"https:\/\/pippam.fi\/index.php?rest_route=%2Fwp%2Fv2%2Fmedia&parent=35"}],"wp:term":[{"taxonomy":"product_brand","embeddable":true,"href":"https:\/\/pippam.fi\/index.php?rest_route=%2Fwp%2Fv2%2Fproduct_brand&post=35"},{"taxonomy":"product_cat","embeddable":true,"href":"https:\/\/pippam.fi\/index.php?rest_route=%2Fwp%2Fv2%2Fproduct_cat&post=35"},{"taxonomy":"product_tag","embeddable":true,"href":"https:\/\/pippam.fi\/index.php?rest_route=%2Fwp%2Fv2%2Fproduct_tag&post=35"}],"curies":[{"name":"wp","href":"https:\/\/api.w.org\/{rel}","templated":true}]}}